mon divisor of 33 and x.
11
Suppose -84 = -5*n + 21. Suppose -14*s = -11*s - n. Let u be ((-22)/(-8))/(s/280). What is the highest common divisor of 10 and u?
10
Let u(q) = -14*q - 202. Let n be u(-15). Calculate the highest common factor of n and 852.
4
Let d(q) = 2*q**2 + 9*q + 5. Suppose 0 = 4*y + 21 - 1. Let j be d(y). Let g be 104/64 + 3/8. What is the highest common divisor of g and j?
2
Let b = 8154 - 5064. What is the greatest common factor of 20 and b?
10
Suppose 3*i - 147 = -162, 5*x + i = 25. Suppose -r - 1180 = -4*n, 0*r = -n + 2*r + 302. What is the highest common factor of n and x?
6
Let y be (-4 - -2)/(3*2/(-102)). What is the greatest common factor of y and 6902?
34
Suppose 5*k - 2*w = 1585, w + 2*w = 4*k - 1261. Let z = 51 + -52. Let m be (-29*(z - 1))/(-1 - -3). Calculate the greatest common factor of k and m.
29
Let h(y) = y**3 - 15*y**2 + 19*y + 138. Let l be h(13). What is the greatest common divisor of 7 and l?
1
Suppose 2*y - 5*y + 2*u = -7, 4*y - 2*u = 10. Suppose 0 = 3*a + y*c - 228, 6*c - 8*c = -8. What is the highest common factor of 27 and a?
9
Suppose b - 2*m = 4, -2*m + 1 = -3*b + 25. Suppose 0 = -5*o + b + 25. Let k be -3 - (-110 - (3 + 2)). Calculate the greatest common factor of k and o.
7
Let u(k) be the first derivative of 4/3*k**3 - 8 + 10*k - 6*k**2. Let l be u(8). Calculate the highest common factor of l and 17.
17
Let a = 12 - -11. Suppose 4*z + a = c + 3*z, 0 = 3*z - 15. Let i = 6233 + -6177. What is the greatest common factor of c and i?
28
Suppose -163*h + 17116 = 6*h + 3258. Let l be (-123)/2 + 2/4. Let w = h + l. What is the highest common factor of 147 and w?
21
Suppose 3385*i - 3343*i - 65268 = 0. Calculate the highest common factor of 444 and i.
222
Let c(b) = -b**2 - 86*b - 781. Let m be c(-11). What is the greatest common divisor of 517 and m?
11
Let b(d) = 599*d - 3590. Let f be b(6). Suppose 4*l - 3 = 3*l. Let z be l*(3 - f) + 131. Calculate the greatest common factor of z and 16.
16
Suppose 0 = -4*l, -w - 3*w - l + 140 = 0. Let y = 19 + w. Let d be (-12)/(-42) - y/(-7). Calculate the highest common divisor of 72 and d.
8
Suppose 2*h - 4*p = 5532, 4*p = 5*h - 12058 - 1748. What is the greatest common divisor of 42 and h?
14
Let u(f) = 417*f - 3. Let l be u(3). Let j = 270396 + -270357. What is the greatest common divisor of l and j?
39
Let i be (63/6)/7 - 186/(-4). Suppose 4*g - 5*l = 172, 2*g + 176 = 6*g - 4*l. Let r = 80 - g. What is the greatest common divisor of r and i?
16
Let t = 10540 + -8993. Calculate the greatest common factor of t and 2261.
119
Let v be (1 - 0)/((-22)/(-110)) - 51. Let h = v - -51. Calculate the highest common factor of h and 215.
5
Let g(u) = 19*u**2 - 9*u - 28. Let c be (-4 + (-114)/(-24))/(2/(-8)). Let m be g(c). Calculate the highest common divisor of m and 68.
34
Let y be (-19)/((-93)/1054*(-1)/(-3)). Calculate the highest common factor of y and 306.
34
Suppose 5*q + 0*q - 480 = 0. Let i = -24525 - -24633. What is the greatest common divisor of q and i?
12
Let r(g) = g**2 - 38*g - 168. Let t be r(42). Suppose t = -y - 5*y + 510. What is the highest common divisor of 5 and y?
5
Suppose -33990 = 14*t - 19*t + 5*z, 5*z - 34010 = -5*t. What is the highest common factor of t and 34?
34
Suppose -14*x + 38*x - 5784 = 0. Let y = x - 143. Calculate the greatest common divisor of y and 14.
14
Let v be (-73)/((-18615)/57596) - 2/(-30)*2. Calculate the highest common divisor of 8362 and v.
226
Let r = 608 - 605. Let u(n) = -n**3 + 4*n**2 - 3*n + 8. Let y be u(r). Suppose 4 = -0*q + 4*q. Calculate the greatest common factor of q and y.
1
Suppose 557 = -3*x + c, -12*c + 9*c - 933 = 5*x. Let b = -8 + 15. Let t be 28/(-49) - x/b. Calculate the greatest common divisor of 182 and t.
26
Let o(c) = 7*c + 278. Let u be o(0). Suppose -4*q + u = -x, -2*x + 354 = q + 4*q. Calculate the greatest common factor of 490 and q.
70
Let p(k) = 4*k - 5*k + 0*k - k - 12. Let q be p(9). Let y be (q/(-7))/((-21)/(-98)). Calculate the greatest common factor of 10 and y.
10
Let d be ((-108)/(-16))/9 - (-1150)/(-8). Let u = -134 - d. Suppose 4*w + 352 = 5*i, -2*w = i - 0*w - 76. What is the greatest common factor of i and u?
9
Let y(t) = 15*t - 37. Let c be y(4). Let x(u) = -5*u + 175. Let q be x(c). Calculate the highest common factor of 108 and q.
12
Let z(b) = 7*b**2 - b + 165. Let a be z(0). Let x = a + -162. What is the highest common factor of 48 and x?
3
Suppose 4*u + 13*u = -13*u + 11700. Calculate the highest common factor of 750 and u.
30
Let j(r) = -31*r - 41. Let o(h) = 4*h - 122. Let f be o(30). Let u be j(f). Calculate the highest common factor of u and 609.
21
Let p(s) = 11*s - 86. Let d be p(6). Let f be (-150)/d*(-2 - 30/(-9)). What is the greatest common divisor of f and 190?
10
Suppose -3845 = -t + 3*v + 6263, -3*t = -v - 30348. What is the greatest common factor of t and 453?
151
Let p = 1963 + -1394. Suppose p*s - 562*s - 735 = 0. Calculate the greatest common factor of 245 and s.
35
Let w = 1 - -5. Calculate the highest common factor of 294 and w.
6
Suppose -5*j = -5*p + 180, -j = 5*p + 5 - 161. Suppose -p = -7*t + 129. Suppose -198 = -25*l + t*l. Calculate the greatest common factor of l and 11.
11
Let d be (-4 + 94)*72/108. Calculate the greatest common divisor of 110 and d.
10
Suppose -136897 = -20*j + 74683. Calculate the highest common factor of j and 142.
71
Suppose 0 = -29*x + 28*x - 455. Let t = -379 - x. Calculate the highest common divisor of t and 8.
4
Let b(p) = -8*p - 94. Let a be b(-11). Let s(j) = 8*j**2 + 3*j**3 - 2*j**3 + 0*j**2 + 7*j + 6. Let i be s(a). Calculate the highest common factor of 12 and i.
12
Suppose -23364 = -431*x - 6730 + 35086. What is the highest common factor of 400 and x?
40
Suppose -7*v + 25*v = 72. Suppose -3*g + 4*g - v*z = 38, 5*g = 2*z + 154. Calculate the greatest common factor of g and 75.
15
Let m(j) be the first derivative of -j**4/4 + j**3/3 + 27*j**2/2 - 19*j + 119. Let v be m(5). Calculate the greatest common divisor of 128 and v.
16
Let w(t) = t**3 + 4*t**2 + 1. Let j be w(-3). Let n = 241 + -275. Let y = -4 - n. What is the highest common factor of j and y?
10
Suppose 4 = -5*v + 14, -5*v + 306 = 2*y. Suppose -l = z - y + 13, 125 = l + 3*z. What is the highest common divisor of l and 84?
28
Let n = 1176 - 1113. What is the highest common factor of 45 and n?
9
Let m be 1/1*84/21. Suppose -5*s - 511 = -3*d, -2*d - d = -m*s - 506. Calculate the highest common factor of d and 18.
18
Suppose 5*r - 26*q + 31*q - 440 = 0, -2*r + 167 = 5*q. Calculate the greatest common divisor of r and 315.
7
Let y = 93 - -26. Suppose 45 = 3*b + 3*x, 2*b - 185*x + 188*x = 28. What is the greatest common factor of y and b?
17
Let a(l) = 240*l - 7437. Let b be a(32). Let q be (4 - 2)/(0 - 2). Let y be q/(-2)*-2*-27. Calculate the greatest common divisor of y and b.
27
Suppose 0 = -2*z + 2*n + 78, -2*z - 2*n = z - 142. Let t = 11 + -12. Let h be (2/4)/(t/(-8)). Calculate the highest common divisor of h and z.
4
Suppose 5*z = 4*y + 107, -26*y + 29*y = -24. Let s be (-4)/(((-11)/60)/11). Calculate the greatest common divisor of s and z.
15
Let o = 1125 - -781. What is the greatest common divisor of 2 and o?
2
Let q = -728 - -730. What is the highest common divisor of q and 416?
2
Suppose -4*m + 4*o = -5*m + 1, 1 = -o. Suppose 1 = m*v + 4*h, 9 = -2*v + 6*v - 5*h. Let c = 84 - 83. Calculate the highest common factor of v and c.
1
Let o = -27760 - -27848. Calculate the greatest common factor of o and 451.
11
Let w = -3 - -9. Suppose -x - 2 = -w. Let s be 14/(x - 105/27). Calculate the highest common factor of 14 and s.
14
Let g = 67 + -64. Suppose 2*v - 3*k = 3*v + 2, g*v + 5*k - 6 = 0. Let t be 33/(-77) + -2 + 283/v. What is the highest common factor of t and 342?
38
Let z = 4102 - 1653. Calculate the highest common factor of z and 316.
79
Let c be (18/5)/((-1)/(-50)). Let y(i) = -26*i**2 + 15*i - 2. Let p be y(4). Let d be p/(-10) - -3*6/90. What is the highest common factor of d and c?
36
Let o = 27 - -5. Let z be -108*2*(9 - (22 + -11)). What is the highest common divisor of o and z?
16
Let z be -200*(-6)/(-12)*-1. Let g = 105 - z. What is the greatest common factor of 5 and g?
5
Let t = -32991 - -37839. What is the greatest common divisor of t and 57